{"id":37,"date":"2015-01-15T11:26:02","date_gmt":"2015-01-15T11:26:02","guid":{"rendered":"http:\/\/patxilarrainzar.com\/?page_id=37"},"modified":"2015-03-24T15:47:45","modified_gmt":"2015-03-24T15:47:45","slug":"patxi-larraintzar-ep","status":"publish","type":"page","link":"https:\/\/patxilarrainzar.com\/?page_id=37","title":{"rendered":"Patxi Larraintzar EP \/ CP Patxi Larrainzar"},"content":{"rendered":"<p><span class=\"eusk\">Patxi Larrainzar ikastetxea, titulartasun publikoa duen D ereduko ikastetxea da, haur eta lehen hezkuntzako eskolak eskaintzen dituena. Komunikazio-hizkuntza euskara da, baina bere jardunean bestelako kultura eta hizkuntzak ere uztartzen dira. Gaitasun intelektualen garapenaren bidez eta dimentsio emozionalari kasu eginez Ikaslearen heziketa osoa eskaintzea da helburu pedagogiko nagusietako bat.<br \/>\nIkastetxeak Patxi Larrainzar Andueza idazle eta apaiz karismatikoaren izena darama, Errezun jaioa 1934an, Arrotxapea auzoari lotuta egon zena eta bere gizatasun eta izpiritu kritikoarengatik ezagun izan zena.  <\/span><br \/>\n<a title=\"patxilarrainzar.educacion.navarra.es\" href=\"http:\/\/patxilarrainzar.educacion.navarra.es\/eus\/hasiera.html\" target=\"_blank\">http:\/\/patxilarrainzar.educacion.navarra.es<\/a><\/p>\n<p>El colegio Patxi Larrainzar es un centro del modelo D de titularidad p\u00fablica, donde se imparten clases de infantil y primaria.<br \/>\nEl euskera es la lengua vehicular, aunque en su funcionamientos se integran otras culturas e idiomas. La educaci\u00f3n integral del alumnado, a trav\u00e9s del desarrollo de las capacidades intelectuales y la atenci\u00f3n a la dimensi\u00f3n emocional es uno de sus principales objetivos pedag\u00f3gicos.<\/p>\n<p>El centro toma el nombre del carism\u00e1tico p\u00e1rroco y escritor Patxi Larrainzar Andueza, nacido en 1934 en Riezu, vinculado al barrio de la Rotxapea y conocido por su humanidad y esp\u00edritu cr\u00edtico.<\/p>\n<p><a title=\"patxilarrainzar.educacion.navarra.es\" href=\"http:\/\/patxilarrainzar.educacion.navarra.es\/gazt\/inicio.html\" target=\"_blank\">http:\/\/patxilarrainzar.educacion.navarra.es<\/a><\/p>\n","protected":false},"excerpt":{"rendered":"<p>Patxi Larrainzar ikastetxea, titulartasun publikoa duen D ereduko ikastetxea da, haur eta lehen hezkuntzako eskolak eskaintzen dituena. Komunikazio-hizkuntza euskara da, baina bere jardunean bestelako kultura eta hizkuntzak ere uztartzen dira. Gaitasun intelektualen garapenaren bidez eta dimentsio emozionalari kasu eginez Ikaslearen heziketa osoa eskaintzea da helburu pedagogiko nagusietako bat. Ikastetxeak Patxi Larrainzar Andueza idazle eta apaiz karismatikoaren izena darama, Errezun jaioa 1934an, Arrotxapea auzoari lotuta egon zena eta bere gizatasun eta izpiritu kritikoarengatik ezagun izan zena. http:\/\/patxilarrainzar.educacion.navarra.es El colegio Patxi Larrainzar es un centro del modelo D de titularidad p\u00fablica, donde se imparten clases de infantil y primaria. El euskera es la lengua vehicular, aunque en su funcionamientos se integran otras [&hellip;]<\/p>\n","protected":false},"author":1,"featured_media":0,"parent":0,"menu_order":0,"comment_status":"open","ping_status":"open","template":"contact-page.php","meta":{"footnotes":""},"class_list":["post-37","page","type-page","status-publish","hentry"],"_links":{"self":[{"href":"https:\/\/patxilarrainzar.com\/index.php?rest_route=\/wp\/v2\/pages\/37","targetHints":{"allow":["GET"]}}],"collection":[{"href":"https:\/\/patxilarrainzar.com\/index.php?rest_route=\/wp\/v2\/pages"}],"about":[{"href":"https:\/\/patxilarrainzar.com\/index.php?rest_route=\/wp\/v2\/types\/page"}],"author":[{"embeddable":true,"href":"https:\/\/patxilarrainzar.com\/index.php?rest_route=\/wp\/v2\/users\/1"}],"replies":[{"embeddable":true,"href":"https:\/\/patxilarrainzar.com\/index.php?rest_route=%2Fwp%2Fv2%2Fcomments&post=37"}],"version-history":[{"count":7,"href":"https:\/\/patxilarrainzar.com\/index.php?rest_route=\/wp\/v2\/pages\/37\/revisions"}],"predecessor-version":[{"id":271,"href":"https:\/\/patxilarrainzar.com\/index.php?rest_route=\/wp\/v2\/pages\/37\/revisions\/271"}],"wp:attachment":[{"href":"https:\/\/patxilarrainzar.com\/index.php?rest_route=%2Fwp%2Fv2%2Fmedia&parent=37"}],"curies":[{"name":"wp","href":"https:\/\/api.w.org\/{rel}","templated":true}]}}